(a) = -4*a**2 + 2*a + 1. Let z(p) = 6*i(p) - 7*k(p). Calculate z(-2).
-9
Let u be 12 + -6 - (-6 + 10). Let n(q) be the third derivative of 0 + 0*q - 1/6*q**3 - 1/3*q**4 + 8*q**u. What is n(-1)?
7
Suppose 0 = -14*q - 3*q - 153. Let l(m) = m**2 + 9*m + 12. Give l(q).
12
Let f be (-3 + -2)/(1/2). Let r = f + 18. Let j be 1/(r/12 + -1). Let q(t) = -t + 1. Give q(j).
4
Let n(m) = 63*m - 14. Let w(y) = 31*y - 6. Let i(c) = 2*n(c) - 5*w(c). Give i(-1).
31
Let h(x) = 6*x**2 + 15*x - 38. Let l(w) = 7*w**2 + 18*w - 38. Let k(m) = -6*h(m) + 5*l(m). Determine k(0).
38
Let q(s) be the second derivative of -s**4/12 - s**3/3 + 13*s**2/2 + 543*s. Calculate q(0).
13
Let v = -21 + 20. Let a(b) = 0*b + b + 3*b + b + 1. Give a(v).
-4
Let h(r) be the second derivative of r**4/6 - r**3/2 - 5*r**2/2 + 156*r + 1. Calculate h(0).
-5
Let x(o) = -o**2 + 7*o - 3. Let i be x(7). Let g = i + 5. Let j(m) = 4*m - 7. Let n(w) = -w + 3. Let a(t) = -j(t) - 3*n(t). Calculate a(g).
-4
Let s(a) = 4 + 6*a + 3 - 8*a + a + a**3 + 5*a**2. Calculate s(-5).
12
Let n be 16 + (-4)/(-8)*-4. Suppose -i + 3*i + n = -q, 0 = 4*q - i + 11. Let p(u) = u**3 + 4*u**2 + 2*u + 2. Calculate p(q).
-6
Suppose -5*q = -2*q - 4*b + 100, -2*q = b + 52. Let s = 23 + q. Let o(d) = d**2 + 3*d - 4. Calculate o(s).
6
Suppose -28 + 4 = -2*y. Let t(p) = 3*p - 5*p**3 + 13 - 3*p - y. Calculate t(1).
-4
Let o be (-1)/(-4) + (2 - 9/4). Let x(a) = -a**3 + a**2 + a - 7. Calculate x(o).
-7
Let g(k) = 2*k - 40. Let u be g(22). Let c(n) = 3*n + 5. Determine c(u).
17
Let z = 29 + -25. Let s(c) = -373 + 0*c - c**2 + z*c + 380. Calculate s(6).
-5
Let h(w) = w**3 - 11*w**2 - 26*w - 3. Suppose 15*p + 65 = 260. Give h(p).
-3
Let v(g) = -175*g**2 + 21*g + 3. Let j(f) = 29*f**2 - 3*f. Let m(q) = -6*j(q) - v(q). Let a(w) = w**3 + w**2 - w + 5. Let h be a(0). Determine m(h).
7
Let f(l) be the third derivative of l**4/6 + l**3/3 - 58*l**2. Give f(-2).
-6
Let b(k) = -k**2 + 5*k + 3. Let a be b(5). Suppose -6*g + 15*g = 0. Suppose g = a*u + 4*l - 23, -4*u + 19 + 3 = l. Let v(z) = z - 4. Calculate v(u).
1
Suppose 5*z - 102*n + 101*n - 16 = 0, 3*z - 3*n - 12 = 0. Let a(x) = 2*x**3 - 2*x**2 + x - 4. What is a(z)?
35
Let x(q) = q**3 - 6*q**2 + 5*q + 3. Suppose 4 = -2*c + 2*i, -c = i + 1 + 5. Let m be (-116)/(-24) + c/(-24). Determine x(m).
3
Suppose 2 = -3*m + u + 4, -2*m - 16 = -5*u. Let j(z) = 7*z - 1. What is j(m)?
13
Let c(t) = -1 - 2*t + 0*t**2 - 2 - 5*t - t**2. Calculate c(-7).
-3
Let p(c) = 2*c**2 + c + 1. Let f(s) = 9*s**2 + 3*s + 6. Let y(v) = -f(v) + 5*p(v). What is y(4)?
23
Let o(i) = -i - 8. Let n be o(-9). Let d(g) = n + g + 7 - 2 - g**3. Calculate d(0).
6
Let m(w) = -4*w**2 + 3*w + 4. Let r(s) = 4 + 2*s - 1 - 4*s**2 - s**2. Let u(h) = 2*m(h) - 3*r(h). What is u(1)?
6
Let w(y) be the third derivative of y**6/60 - y**5/30 - y**4/24 - y**3/6 - 2*y**2. Let d = -22 - -26. Suppose -d*b + 8 = -0. Calculate w(b).
5
Let j(r) = 2*r**2 + 0 + r**3 + 0*r**3 - 1 + r. Let z = -48 - -71. Suppose 0 = z*m - 9*m + 28. What is j(m)?
-3
Let z(f) = 4*f + 13. Let q(o) = 8*o + 32. Let p(x) = -2*q(x) + 5*z(x). Give p(-4).
-15
Let v(i) = 62*i - 17. Let g(q) = 135*q - 34. Let f(h) = 6*g(h) - 13*v(h). What is f(9)?
53
Let n(s) = s**2 + 2*s - 5. Let c = 1126 - 1132. Give n(c).
19
Let s(i) = -2*i**3 + 7*i**2 + 3*i + 9. Suppose 7*t + 4 = 32. Calculate s(t).
5
Let q(v) = -v**3 - 18*v**2 + 2*v + 22. Suppose y + 39 = -2*b, 16*y = -3*b + 18*y - 48. What is q(b)?
-14
Suppose -36*p + 12 = -2*b - 31*p, -3*b = 5*p - 32. Let z(t) = t**2 + 2*t - 18. Calculate z(b).
6
Suppose 0 = 5*d - d + 3*d. Let t(s) = 9*s**2 + 11*s + 18. Let q(n) = -5*n**2 - 6*n - 9. Let c(v) = 11*q(v) + 6*t(v). What is c(d)?
9
Suppose -5*u + 25 = 5*f, 5*f + 17 = 6*f + 4*u. Let t(a) = 4*a**2 - a. Let n(p) = -p**2 + 1. Let y(v) = f*t(v) + 5*n(v). What is y(-4)?
-7
Let y = -79 + 82. Let u(q) = -y*q**2 + 18 + 0*q**3 + q**3 - 21. Calculate u(3).
-3
Let d(u) = -u**2 + u + 12. Suppose -i + 1 - 2 = -3*t, -2*t - 2*i - 2 = 0. Suppose t = 17*o - 15*o. What is d(o)?
12
Suppose -2*d + 2 - 4 = 0. Let y(h) be the second derivative of h**5/12 + h**3/6 - 2*h. Let w(m) be the second derivative of y(m). Calculate w(d).
-10
Let t(h) = 2*h**2 - 5*h - 4. Suppose -5*v + 5 = 4*w, -4*w + 8*w + 30 = 2*v. Calculate t(v).
21
Suppose 2*f + 7*x + 2 = 8*x, 3*x - 13 = -f. Let k(j) = -14*j**3. What is k(f)?
-14
Suppose 0 = 2*p - 3*q - 14, 8*p - 7*p - 5 = 2*q. Let h(g) = g**3 - 13*g**2 - 2*g + 24. What is h(p)?
-2
Let j(h) be the second derivative of h**4/12 + 5*h**3/6 + 5*h**2 - 158*h. Calculate j(-3).
4
Let t(i) = -23*i - 17. Let o be t(-1). Let q(v) = -v + 3. Let y(u) = -2*u + 7. Let r(g) = 5*q(g) - 2*y(g). Calculate r(o).
-5
Let x(y) = 3*y - 10. Suppose 2*u + 36 = 5*u. Suppose 3 = -3*p - 9, p - u = -2*n. What is x(n)?
14
Let u = 42 + -46. Let v be 2/(-1 + -1 + 3). Let n(y) = -3 - y**2 + v*y**2 - 5*y + 1 + 8*y. Determine n(u).
2
Let f(w) = -w**3 + 5*w**2 - 2*w. Suppose -2*i + 0*i - 30 = 0. Let m(j) = -j - 12. Let v be m(i). Give f(v).
12
Let z(h) = -20 + 14 - 3*h + 2*h. What is z(-9)?
3
Let f(l) = -l**3 - 6*l**2 - 8*l - 2. Suppose -3*t = -8*t - 4*n - 41, 4*t = 2*n - 12. Calculate f(t).
13
Let u(l) = l - 4. Suppose 10*o - 466 = 4. Let h = o + -42. What is u(h)?
1
Let u(t) be the second derivative of t**3/2 + 3*t**2/2 + 124*t. What is u(-10)?
-27
Let j(l) = -2 + 2344*l + 2337*l - 1 - 4682*l. Determine j(5).
-8
Suppose 285*u - 18 = 288*u. Let f(z) = -2*z**2 - 10*z - 14. What is f(u)?
-26
Let l(c) = 6*c + 9. Let v(q) = 10*q + 17. Let g(n) = -11*l(n) + 6*v(n). Determine g(-3).
21
Suppose -3*p + 15 = 3. Let g(v) = -13*v + 24. Let q(d) = 3*d - 6. Let n(c) = p*g(c) + 18*q(c). Let f be n(6). Let w(x) = x**3 + x - 9. Calculate w(f).
-9
Suppose 2*g - 4*d - d = 0, 0 = g - 3*d. Suppose g = -31*l + 27*l + 12. Let f(h) = h**2 + 3 - 224*h - l*h**3 - 4 + 225*h. Calculate f(1).
-2
Let l(n) = -2*n + 5. Let b be l(6). Let g(m) = -5*m - 9. Let i(c) = 4*c + 8. Let p = -111 + 114. Let o(t) = p*g(t) + 4*i(t). Give o(b).
-2
Suppose 0 = -2*w, 112 = -x - 3*x + 2*w. Let f be x/8*2*1. Let t(k) = -k - 10. Give t(f).
-3
Let z(n) = 0*n - 4*n**2 + 765 + 3*n**2 - 16*n - 828. Calculate z(-10).
-3
Let q(h) = 4*h**2 - 4*h - 2*h**2 - 325 + 649 - 327. What is q(-2)?
13
Let v(b) = b**3. Suppose 10 - 42 = 16*p. Let m(t) = -t**3 - t**2 + t. Let n(j) = p*v(j) - m(j). Calculate n(0).
0
Let b = 65 - 53. Let u(n) = -6*n - b + 10 + 3*n**2 - 2*n**2. Calculate u(6).
-2
Let a(g) = g**2 - 6. Let l(w) = 7*w**2 - 17*w - 32. Let p(s) = -11*s**2 + 26*s + 48. Let f(n) = -8*l(n) - 5*p(n). Let k be f(8). Give a(k).
-6
Let f(c) = -c**3 + 5*c + 4. Let a be 0/((-20)/4) - (-1 + 4). Calculate f(a).
16
Let p = 62 + -64. Let z(i) be the second derivative of i**3/3 - i**2/2 + i. What is z(p)?
-5
Let h(g) = -g**3 + 3*g**2 - g + 3. Let s = -554 + 557. What is h(s)?
0
Suppose 19 = 2*a - 9. Let g(u) = u + 0 + a - u + u. Calculate g(-9).
5
Let j(u) = -11*u**2 + 4*u - 14. Let b(k) = 20*k**2 - 7*k + 26. Let q(c) = 6*b(c) + 11*j(c). What is q(5)?
-13
Let q(b) be the second derivative of b**3/3 - b**2/2 + 32*b + 4. Give q(3).
5
Let c(p) = p + 4. Suppose -10 = 7*s - 4*s + z, 3*z = 5*s + 26. What is c(s)?
0
Let d = -3 + 5. Let h(f) = 2*f + 20*f**d - 8*f**2 - 3 - 13*f**2. Determine h(2).
-3
Let i = -28 + 32. Suppose 4*a = -v - i - 0, 4*v + 16 = 4*a. Let h(n) = 2*n - 1. Calculate h(v).
-9
Suppose 6*o + 24 = -4*i + 5*o, -o + 21 = -5*i. Let t(y) = y**2 + 6*y - 4. Determine t(i).
-9
Let r(g) = g**3 + g. Let w(b) = -7*b**3 - b**2 - 6*b + 1. Suppose 0 = 7*c + 5 - 47. Let d(m) = c*r(m) + w(m). Calculate d(0).
1
Let v be (4 + -1 + 5)*-2. Let m(x) = x**2 + 16*x + 16. Determine m(v).
16
Suppose -2*d + 8 = 2*t, -3*d + 5*t = 1 + 3. Let w(a) be the third derivative of -a**6/40 + a**5/30 - a**4/24 + a**3/6 + a**2. What is w(d)?
-17
Let z be 171/18*-1*4. Let w = 44 + z. Let d(k) = -k**2 + 9*k - 5. Determine d(w).
13
Let p(r) = 1406*r**2 + 5 - 9*r + r**3 - 1388*r**2 + 26*r. Determine p(-17).
5
Let a(l) = l - 4. Let x(s) = 1. Let r(d) = a(d) + 6*x(d). Suppose 2*n + 27 - 27 = 0. Suppose n = -32*g + 39*g + 28. Give r(g).
-2
Let v(i) = -131*i + 1445. Let d be v(11). Let u(j) = -j**2 + j + 1. Let s(r) = 7*r**2 - 10*r - 1. Let m(w) = s(w) + 6*u(w). Calculate m(d).
5
Let j(u) = -4*u + 11*u + 28 + u - 11*u. What is j(8)